 the first derivative of -j**4/4 - 10*j**3/3 - 7*j - 129. What is o(-10)?
-7
Let g(s) = -s**3 + 5*s**2 - 4*s + 6. Suppose 26*f - 83 = 21. What is g(f)?
6
Let a(k) = -4*k**3 + 21*k**2 + 21*k + 18. Let d(x) = -x**3 + x**2 + x. Let s(t) = a(t) - 3*d(t). Give s(19).
-1
Suppose -9 = -3*w - l, 2*w + 2*l = 6*w - 12. Let r(d) = d**2 + d - 3. Give r(w).
9
Let j(u) = u**2 - 2*u - 7. Suppose 2*a - i = -3*a + 55, 5*i = -4*a + 73. Suppose 0 = -2*d - 3*b + 19, -d = 5*b - a - 8. Give j(d).
8
Let k(c) = 3*c + 3. Suppose -2*s + 1 = -5, 5 = -4*v + 3*s. Suppose -q - 1 - v = 0. Give k(q).
-3
Let s(v) = 241*v**2 - 3 - 233*v**2 - 2*v - 6*v - v**3. Suppose -2*w + 3*w - 7 = 0. Calculate s(w).
-10
Let s(h) = -64*h - 64*h + 127*h - 2 + 21. Give s(17).
2
Suppose -16*a + 25 = -11*a. Suppose -3 = 3*g - 6*g. Let u(t) = t + g + 9 + 2 + 4*t**2 - a*t**2. Determine u(0).
12
Let o(d) = -9 + 2 + 80*d - 73*d - d**2. Suppose 8 = -4*v, -3*x + v = 2*x - 37. Calculate o(x).
-7
Let w(l) = -6*l**2 + 2*l + 1. Let v(f) = -f**2 - 21*f - 39. Let q be v(-19). Calculate w(q).
-7
Let k(g) = 1. Let a(m) = 7*m - 18*m - 4 + 13*m. Let f(u) = a(u) - 3*k(u). Let d be (18/(-4))/(3/(-4)). Determine f(d).
5
Suppose 9*r - 5*r = 28. Let q(z) be the first derivative of r*z**2 + 2*z - 6*z**2 + 0*z**2 - 1 + 2*z. Give q(-5).
-6
Let z be -14*(-4)/(-8)*-1. Let p(n) = 5*n + z*n + 6*n - 11*n. Determine p(-2).
-14
Let q(a) = -a**3 + 12*a**2 - 19*a + 5. Let d(r) = -3*r**3 + 25*r**2 - 45*r + 11. Let c(x) = 2*d(x) - 5*q(x). What is c(-10)?
-53
Suppose 0 = -15*m + 9 - 39. Let z(h) = -h**2 - 2*h - 2. Determine z(m).
-2
Let y(c) = c**3 - 2*c**2 - 27*c - 6. Let x be y(8). Suppose 6*w - x = -12*w. Let u(i) = -i + 7. Give u(w).
-2
Let g(o) = 2*o**2 - 11*o + 18. Let r be g(5). Let f be 70/6 - (-2)/(-3). Let p = f - r. Let d(w) = 4*w**2 + 2*w - 1. Calculate d(p).
11
Let a = 62 - 60. Let w(i) = -2*i**3 - 9*i**2 + 4*i - 15. Let x(c) = c**3 + 4*c**2 - 2*c + 7. Let m(s) = -4*w(s) - 9*x(s). Give m(a).
-7
Let w(o) = -16*o**3 - 16*o**2 - 5*o - 101. Let i(c) = -3*c**3 - 3*c**2 - c - 20. Let k be -9 - -9 - (1 - -1). Let s(z) = k*w(z) + 11*i(z). What is s(0)?
-18
Let o(g) = 2*g**3 - 3*g**2 + 3*g + 4. Suppose 5*b = 2*x - 21, -6*x + 12 - 6 = 4*b. What is o(x)?
40
Suppose 5*g = -4*j + 6, j - 2 = -5*g + 7. Let r(k) be the first derivative of -19*k**4/4 + 2*k**3/3 + k**2 + k - 16. Give r(j).
20
Let n(i) = i**3 - 3*i**2 - 3*i - 3. Let h be (-66)/4 - (-15)/10. Let d = h + 29. Let x be (12 - d)*(-1 - 1). Give n(x).
1
Let l(j) be the first derivative of j**4/4 - 5*j**3/3 - j**2 + j - 30. What is l(6)?
25
Let h(r) = r**3 - 8*r**2 + 5. Suppose 0 = -2*d + 2 + 4. Let s = 5 + d. Calculate h(s).
5
Let o(s) be the second derivative of s**5/20 + 5*s**4/12 - s**3 - 2*s**2 + s. Let w(k) = -3*k**3 + 11*k**2 - 4*k - 12. Let c be w(3). What is o(c)?
-4
Let z(j) = j**2 - 7*j + 7. Let g(d) = 6*d + 3. Let o be g(-4). Let f = 26 + o. Calculate z(f).
-3
Let r = -28 - -32. Let d(t) = 2*t - 4. Give d(r).
4
Let j(m) = -50 + 99 - m**2 - 48 + 2*m. Give j(-2).
-7
Suppose -3*w - 3*n - 51 = 0, -5*w - 94 = n + n. Let z be ((-48)/w)/((-6)/(-15)). Let q(j) = -6 + j**2 + 7 - 6*j + 5. Give q(z).
6
Let u(y) = -14*y + 17. Let j(x) = 20*x - 24. Let k(h) = 5*j(h) + 7*u(h). Suppose 3*n + 30 = 3*o, -5*n + 10 = -o + 6*o. Determine k(o).
11
Let l(c) be the third derivative of 0*c - 1/120*c**6 + 8*c**2 + 1/2*c**3 + 7/24*c**4 - 1/12*c**5 + 0. What is l(-6)?
-3
Let x(u) be the first derivative of -4 + 3 + u**2 + 2 + u. Determine x(2).
5
Suppose 4*n - 9*n = -135. Let z(i) = n - 3*i**2 - 3*i - 26 + 3*i**2 + 5*i**2. Determine z(2).
15
Let u(s) = -5*s - 26. Suppose 0 = -86*x + 62*x - 144. Calculate u(x).
4
Let q(v) be the second derivative of v**6/360 + 7*v**5/120 - v**4/3 + v**3/2 + 2*v. Let x(k) be the second derivative of q(k). Let p = -21 + 15. Give x(p).
-14
Let l(g) = 8*g - 16. Let q(h) = -8*h**2 - 50*h + 46. Let y be q(-7). Determine l(y).
16
Let i(u) = 2 - 1 - 2 + u. Suppose 5*q + 26 = 31. Determine i(q).
0
Let s(r) = -5811*r**2 + 5812*r**2 - 10*r - 5 + 2. What is s(9)?
-12
Let o(b) = -b**3 - b**2. Let x(m) = -m**2 - m + 1. Let u(p) = o(p) - 3*x(p). Suppose -1 = -4*a + 11. What is u(a)?
-3
Let w(b) be the second derivative of 2*b**3/3 + b**2/2 + b. Let u be w(1). Let o(z) = 17*z + 24. Let l(i) = 20*i + 28. Let g(p) = -6*l(p) + 7*o(p). Give g(u).
-5
Let r(n) be the third derivative of n**5/60 - n**4/12 - n**2. Let l(j) = j**3 - 6*j**2 - 4*j - 1. Let z be l(7). Let y = z - 18. What is r(y)?
0
Let n(h) = -h**3 + 11*h**2 + 25*h + 16. Let q be n(13). Let z(y) = 2*y**2 - 3*y**q + 0*y**3 + 4*y + 2*y**3 + 0*y**2 + 5. Determine z(4).
-11
Let m(q) = -5*q**2 - 3*q + 4. Let h(z) = 6*z**2 + 4*z - 5. Let t(g) = -3*h(g) - 4*m(g). Let d = -2 + 30. Let s = 27 - d. Calculate t(s).
1
Let k(n) be the third derivative of n**4/24 + 13*n**3/6 + 10*n**2 - 3. Calculate k(0).
13
Let a be 26/4 - (-4)/8. Let c(b) = 5*b**3 - b**2 - 2*b + 2. Let d be c(1). Suppose 0 = -2*g - 2*o - 4, -4*g - d*o = g + a. Let k(l) = 3*l - 1. Give k(g).
2
Let o(h) = -h**2 - 8*h - 10. Let g be o(-6). Suppose 6*w = g*w + 208. Let v be (w/(-39))/((-1)/3). Let c(l) = l**3 - 4*l**2 - 2*l - 1. Give c(v).
-9
Suppose j = -5*m - 9 - 2, -2*j + 3*m + 17 = 0. Suppose -s = -j*s + 6. Let c(u) = u**2 + 4*u**2 + u**s + 4*u**2. What is c(1)?
10
Let o be -6*(-1)/2 + -4. Let y(t) = -t**2 + t - 1. Let g(f) = 2*f**2 - 3*f - 4. Let d(c) = o*y(c) - g(c). Suppose -2*s = -0*s - 8. What is d(s)?
-3
Let d(v) = -11 + 10*v + v**2 - 5*v**2 - 2*v**3 - 6*v**2 + 5 - 1. Determine d(-6).
5
Let z(t) = -t**2 + 9*t - 9. Suppose 3*j + 2*v = 37 - 0, -17 = -j + 4*v. Let d = -5 + j. Calculate z(d).
-1
Let l(z) = -z - 8. Let d(r) = -3*r - 1. Let t be d(2). Let n be l(t). Let x(a) be the first derivative of -5*a**3/3 - a - 1. Determine x(n).
-6
Let v = -2 - -3. Let c(p) = -5*p + 1. Let b(z) = -z. Let j(g) = -3*b(g) + c(g). Let t be j(v). Let y(w) = 10*w**2 - 1. Determine y(t).
9
Suppose 50 = -19*k - 64. Let q(s) = s**2 + 8*s - 2. Give q(k).
-14
Let v(w) = -53*w**2 + 7*w + 10. Let p(r) = -37*r**2 + 5*r + 7. Let s(l) = 17*p(l) - 12*v(l). Suppose 3*g = -0*g + 3. Calculate s(g).
7
Let t(v) = 4 + v**3 - 34*v - v**2 + 5*v**2 + 60*v - 22*v. Give t(-2).
4
Let m(h) = h + 2. Let i(g) = g + 2. Let y(f) = 6*i(f) - 5*m(f). Let n be 36/10 - (-6)/15. Suppose 0*p + n = -p. Determine y(p).
-2
Suppose -4*y = -23 - 37. Suppose 0 = 3*s + 2*l - 3, 0*l + 5*l = -y. Let k(i) = 1 - 2*i**3 - i**2 - s + 4*i**2. Determine k(2).
-6
Let m(a) = -15*a + 5*a + 16 + 4 + 3*a + a**2 + 18*a. What is m(-9)?
2
Let h(j) = -j**2 + 11 - 8*j - 4 + 2*j**2. Let b be h(7). Let l(f) = -9 + 3*f - 7*f + 2*f + f. Determine l(b).
-9
Suppose l + 2 = -0*l, l - 10 = 2*g. Let i = g - -8. Let j(x) = -1 - x**3 - 3*x**3 + 4*x**2 + x**3 + 5*x + i*x**3. What is j(5)?
-1
Let n(f) be the second derivative of -f**3/6 - 17*f**2/2 - 9*f. What is n(-7)?
-10
Let y = 3814 + -3819. Let l(r) = -r**3 - 10*r**2 + 3*r + 2. Let s(a) = -3*a**3 - 29*a**2 + 8*a + 6. Let v(i) = 11*l(i) - 4*s(i). Calculate v(y).
18
Let c = -15 + 18. Suppose 6 = -2*q, -c*q + q = 2*z - 6. Let x(j) = 41*j**2 + 3*j - z - 40*j**2 - j**3 - 4*j. Calculate x(0).
-6
Suppose 4 = 4*b + 4*r, -2*r = -0*r. Let h(f) = 2 + 2*f - b - 4*f + 0*f. Suppose -4*a + 0*a = -5*z - 24, 5*a = z + 30. Give h(a).
-11
Let p(c) = -9*c - 26. Let f(u) = 5*u + 14. Let i(g) = -11*f(g) - 6*p(g). Give i(9).
-7
Let x(v) be the second derivative of v**4/12 + v**3/3 - 9*v**2/2 + 198*v. Determine x(3).
6
Let i(l) = -l. Let b(a) = -a - 7. Let f be b(-11). Suppose 4*d + f*g = 28, d + 1 = g - 0. Determine i(d).
-3
Let m(b) = 5*b - 1. Let i(h) = 6*h. Let o(x) = 3*i(x) - 4*m(x). Let j be (-2)/2*(-90 - -1) - -3. Suppose -j*p + 20 = -88*p. Determine o(p).
-6
Let o be ((-22)/4)/((-2)/20). Let p(a) = -o + 2*a + 52 - a. Determine p(4).
1
Let p(d) = 4 + 57*d - 110*d + 2*d**3 + 55*d - d**3. Give p(-2).
-8
Suppose -4*f = -3*w + 6, -2*w + w + 4*f = -2. Let y(h) = -3 + 2*h + 5*h**w - 6*h**2 + 2*h. Suppose 5*j - 20 = -2*b, -6*b = 5*j - b - 5. Calculate y(j).
-15
Let z(a) = -a**3 + a**2 - 3. Let w(o) = 4*o**3 + o**2 + 5*o + 21. Let c(t) = w(t) + 5*z(t). Determine c(7).
-8
Suppose -4*p + 2*h + 15 = -7*p, p = h. Let v(w) = w + 2. Let d(m) = 1 + 1 - 1. Let g(a) = -d(a) - v(a). What is g(p)?
0
Let g(s) be the second deriv